+ 43*q + 37. Calculate the remainder when 198 is divided by z(-22).
21
Let a(q) = -2*q + 95. Suppose k = 5*l - 62 + 1, -48 = -4*l + k. Calculate the remainder when l is divided by a(45).
3
Suppose 5*x - 43 = -h, -h - h - x = -41. What is the remainder when 2/(-16) - (8664/(-192) + -23) is divided by h?
14
Suppose 155 = 14*q + 113. What is the remainder when 94 is divided by q?
1
Suppose g + 38 = -g. Let y = 28 + g. Suppose -4*n = -2*i - 126, -n - 4*i + 177 = 4*n. What is the remainder when n is divided by y?
6
Let r(q) be the first derivative of 71*q**3/3 - 5. Let z be r(1). Suppose 5*h - 44 - z = 0. Calculate the remainder when 43 is divided by h.
20
Suppose -112 = -13*p + 1058. Let f(o) = -o - 5. Let w be f(-7). Suppose w*t + 5*q = 41, -8*t = -3*t - 3*q - 118. Calculate the remainder when p is divided by t.
21
Let c(n) = n - 12. Let o(y) = y**2 + 3*y - 2. Let q be o(-5). Let l be c(q). Calculate the remainder when 59 is divided by l*1 + 13 + 6.
14
Suppose r + 4*i - 1 = 0, -45 = -2*r + 2*i - 13. Let s = r - 10. Suppose -s*t + 32 = -2*k, 4*t + 2*k - 81 = -3*k. What is the remainder when 81 is divided by t?
11
Let i(c) = 10*c - 53. What is the remainder when 131 is divided by i(8)?
23
Suppose 6*v + 6 = 8*v. Suppose -5 = -4*j - j, 5*j - v = k. Suppose -2*p + k*t = p - 52, -p = -5*t. Calculate the remainder when p is divided by 6.
2
Let j = -2 - -35. Suppose -12*s + 7*s + 2065 = 0. Let z = s + -284. What is the remainder when z is divided by j?
30
Let y(l) = -l + 3. Let t be y(2). Calculate the remainder when -25*t/(5/(-8)) is divided by 21.
19
Suppose 2*s - x + 3*x = 38, x = 5*s - 101. Let c = 10 + s. Calculate the remainder when 47 is divided by 31/2 - (-15)/c.
15
Let m = -3144 - -3180. Calculate the remainder when 157 is divided by m.
13
Let r(s) = 36*s + 1. Suppose -2*o - 10 = 3*j, -3*o = -2*j - 13 + 2. What is the remainder when r(o) is divided by (-29)/(-3) - (-3)/9?
7
Suppose -4*x = 39 - 191. Suppose -v + 21 = 8. What is the remainder when x is divided by v?
12
Suppose 0 = 5*q - 5, 9*q = -b + 5*q + 159. Suppose 0*f - 3*f = -6. Suppose 3*j - b = -f*j. What is the remainder when 59 is divided by j?
28
What is the remainder when (-39)/9 + 4 - 620/(-6) is divided by 47?
9
Let s(d) = -12*d**2 + d - 2. Let p be s(2). Let n = p + 72. What is the remainder when 70 is divided by n?
22
Suppose 2*s - 17*r + 19*r = 276, -2*s + 4*r + 264 = 0. What is the remainder when s is divided by 39?
19
Let s(i) = 9*i - 7. Let q be s(5). Let r(n) = 5*n**3 - 5*n**2 + 4*n + 3. Let a be r(3). Let l = a - q. Calculate the remainder when l is divided by 17.
16
Let w(d) be the third derivative of d**4/6 + 10*d**3/3 - 3*d**2 + 2*d. What is the remainder when 39 is divided by w(0)?
19
Suppose -8 = 2*s - 4*x, 5*s + 2*x - 32 = -4. Suppose s = v - 1. Calculate the remainder when 48 is divided by v.
3
Let w(n) = -n**3 - 43*n**2 + 38*n - 256. What is the remainder when 46 is divided by w(-44)?
6
Let b(k) = -k + 22. Suppose -5*v + 0*t = -2*t - 30, -5*v + 30 = 4*t. Calculate the remainder when 43 is divided by b(v).
11
Calculate the remainder when 30/(((-1)/1)/(-1)) is divided by 4/(-10)*(4 + -44).
14
Suppose -3*i - i + 52 = 0. Suppose 5*c + 3*j - 105 = 0, c - 18 = 5*j + 31. What is the remainder when c is divided by i?
11
What is the remainder when 4/3 + (-3)/9*-512 is divided by 58?
56
Let h = 26 - -76. What is the remainder when h is divided by 1 + 54/(-12)*16/(-6)?
11
Suppose 14*a - 15*a + 2*b = -18, -b - 19 = -a. Calculate the remainder when 1*94*(-3 - -4) is divided by a.
14
What is the remainder when 265 is divided by 53 + -32 - 6/2?
13
Let i = -53 - -45. Let d = i + 14. Calculate the remainder when 27 is divided by d.
3
Let o(k) = -k**3 + 20*k**2 + 21*k + 23. Calculate the remainder when 204 is divided by o(21).
20
Let u = -1119 + 1146. Suppose 4*o - 378 = -2*q - 3*q, -q + 81 = -o. What is the remainder when q is divided by u?
24
Let l(t) = 16*t**3 + 5*t**2 - t + 6. Calculate the remainder when l(2) is divided by 11.
9
Let g be (2/(-4))/(16/(-352)). Let k = 0 + g. Let w = -7 + 10. Calculate the remainder when k is divided by w.
2
Let u(i) = 15*i + 8. Suppose 161 = 5*v + 16. What is the remainder when u(7) is divided by v?
26
Let k(r) = r**3 - 12*r**2 + 46. Calculate the remainder when k(12) is divided by 42/(-12)*24/(-7).
10
Suppose -4*p = -16, -z + 2*p = -p - 66. Calculate the remainder when z is divided by 28.
22
Suppose -136 + 28 = 2*k. Let o = k + 63. Calculate the remainder when 53 is divided by o.
8
Let y = 10 + -4. Calculate the remainder when 33 - 2/y*-3 is divided by 9.
7
Suppose 0 = -k + 3*d + 154, 0 = -2*k + 79*d - 81*d + 348. What is the remainder when k is divided by 44?
37
Suppose -7 = 9*y - 8*y. Let z = -2 - y. Suppose 28 = z*g - 12. Calculate the remainder when g is divided by 3.
2
Suppose 0 = 8*p - 5*p - 36. Let j = 106 - 99. Calculate the remainder when p is divided by j.
5
Suppose 12 + 3 = 5*k. Let w(j) = -40 + 11*j - j + 42. Calculate the remainder when w(k) is divided by 7.
4
Let i = -728 - -821. What is the remainder when i is divided by 30?
3
Let o(f) = 12*f - 14. Let u be (14/(-6) + 4)*3. Calculate the remainder when o(u) is divided by 12.
10
Suppose 4*n + 5*h = 665, -5*n = -4*n + 5*h - 185. What is the remainder when n is divided by 27?
25
Let c(x) = 5*x**3 - 2*x**2 + 3*x - 2. Let w be c(2). Let q = 45 - w. Calculate the remainder when q is divided by 6.
3
Let q(h) = -26*h - 24. Calculate the remainder when q(-15) is divided by 41.
38
What is the remainder when 297 is divided by (129/27)/((-15)/(-135))?
39
Suppose a - 340 = -187. Calculate the remainder when a is divided by 41.
30
Suppose -2*b - 4*s + s = -15, 0 = 2*s - 6. Suppose -3*p - 73 = -8*p - b*c, 2*p + 2*c = 26. Calculate the remainder when p is divided by 11.
6
Suppose -2*s = -x - 10, 5*x + 1 = -3*s - 10. Suppose -5*c + 5*f + s = -177, 2*c - 57 = -f. Let a = -2 - -62. Calculate the remainder when a is divided by c.
29
Suppose 5*i + 5 = -15, -2*x - 5*i + 3078 = 0. What is the remainder when x is divided by 97?
94
Let b = 46 + -13. Let x(h) = h**2 - 7*h - 42. Calculate the remainder when b is divided by x(12).
15
Let n(o) = -2*o + 12. Let t be n(5). Suppose 5*r - 23 = g, -t = -4*r + 18. What is the remainder when 26 is divided by (9/g)/(11/22)?
8
Let h(c) = c**3 - 6*c**2 + 7*c - 1. Let i be h(5). Let u be -9*(4 + 1005/i). What is the remainder when 12/(-32) + u/(-24) is divided by 15?
13
Let s = 39 + 12. What is the remainder when s is divided by ((-6)/7)/((-26)/273)?
6
Let g = -776 - -796. What is the remainder when g is divided by 12?
8
Let h(w) = w. Let p(t) = 16*t - 2. Let x(j) = 6*h(j) - p(j). Calculate the remainder when x(-3) is divided by 10.
2
Suppose 9*y = 7*y + 150. Suppose 3*m - 336 = -y. Calculate the remainder when m is divided by 11.
10
Let u = 99 + -103. Calculate the remainder when 109 is divided by ((-38)/4)/(u/8).
14
Suppose 4*w = 245 + 183. Calculate the remainder when w is divided by 4/2*(-1 - -12).
19
Let f = -13 + 10. Let s = f + 2. Calculate the remainder when 13 + 66 + 2/s is divided by 20.
17
Let d be 0 - -26 - (1 + -1). Let g be ((-1)/(-2))/(8/32). Suppose d + 52 = g*l. Calculate the remainder when l is divided by 21.
18
Let u(n) = -3*n**2 + 4*n + 10*n**2 - 4*n. Let j be u(-1). Suppose -3*b - j = -19. What is the remainder when 13 is divided by b?
1
Let k be 8/(-3)*(-15)/10. Suppose -k*p + 104 = v, -4*v + 7 = p + v. Calculate the remainder when p is divided by 7.
6
Suppose 2*v + 5*w = 51, 5*v - w - w - 55 = 0. Suppose -3 = 2*t + 1, t = -3*y + v. What is the remainder when 10 is divided by y?
0
Suppose -4*p + 8048 = -2*o, 2*o - 1659 = -p + 358. What is the remainder when p is divided by 56?
53
Suppose -4*u + 0 = -12. Let v(g) = g**3 - 86*g**2 - 86*g - 68. Calculate the remainder when v(87) is divided by u.
1
Suppose -4*y + y + 96 = 3*v, 22 = y - v. Let l = -186 + 236. Calculate the remainder when l is divided by y.
23
Let c(m) be the first derivative of -m**4/4 - 3*m**3 - 17*m**2/2 - 8*m - 8. What is the remainder when 23 is divided by c(-7)?
10
Let b = 111 - 71. Suppose 12*f - b = 8*f. What is the remainder when 67 is divided by f?
7
Let h be 3/2 + 135/(-54). Calculate the remainder when ((-884)/(-24) - -1) + h/(-6) is divided by 16.
6
Suppose -18*c - 53 = -